2, 3, 7, 2639699
What are the prime factors of 71798287?
11, 29, 173, 1301
What are the prime factors of 1151457935?
5, 47, 4899821
List the prime factors of 41783039.
839, 49801
What are the prime factors of 15360217?
37, 415141
List the prime factors of 35745453.
3, 197, 20161
What are the prime factors of 193462861?
151, 1281211
What are the prime factors of 3422665954?
2, 1711332977
List the prime factors of 2378765527.
25357, 93811
What are the prime factors of 1652577904?
2, 47, 337, 6521
What are the prime factors of 2994237875?
5, 409, 58567
What are the prime factors of 343793726?
2, 171896863
What are the prime factors of 79950063?
3, 241, 110581
List the prime factors of 164411975.
5, 7, 13, 72269
List the prime factors of 658030953.
3, 59, 3717689
What are the prime factors of 6429160598?
2, 7, 459225757
What are the prime factors of 2357286116?
2, 127, 137, 33871
List the prime factors of 305523217.
53, 5764589
List the prime factors of 1219178610.
2, 3, 5, 13, 53, 19661
List the prime factors of 40937266.
2, 1301, 15733
What are the prime factors of 51350325?
3, 5, 13, 52667
List the prime factors of 4748181450.
2, 3, 5, 31654543
List the prime factors of 4280275036.
2, 2341, 457099
What are the prime factors of 5279047544?
2, 16193, 40751
List the prime factors of 265254142.
2, 1187, 111733
List the prime factors of 375738829.
191, 233, 8443
List the prime factors of 115685384.
2, 37, 390829
List the prime factors of 199543289.
11, 127, 142837
What are the prime factors of 26949836?
2, 23, 292933
List the prime factors of 70831214.
2, 17, 23, 53, 1709
List the prime factors of 277879893.
3, 79, 1063, 1103
What are the prime factors of 686912300?
2, 5, 1811, 3793
What are the prime factors of 703108813?
11, 19, 163, 20639
What are the prime factors of 6763909?
17, 23, 17299
What are the prime factors of 114255872?
2, 47, 1187
What are the prime factors of 1324991868?
2, 3, 110415989
List the prime factors of 61084717.
2113, 28909
What are the prime factors of 3134028496?
2, 11149, 17569
What are the prime factors of 687540614?
2, 8009, 42923
What are the prime factors of 18221890?
2, 5, 1822189
What are the prime factors of 893245551?
3, 11, 27068047
List the prime factors of 115777549.
811, 142759
What are the prime factors of 360915221?
229, 1576049
What are the prime factors of 187559283?
3, 17, 3677633
What are the prime factors of 2341816479?
3, 1579, 164789
What are the prime factors of 7927287?
3, 17, 37, 4201
List the prime factors of 33907161.
3, 11302387
What are the prime factors of 441386810?
2, 5, 17, 152729
List the prime factors of 1712968171.
23, 74476877
What are the prime factors of 794701142?
2, 17, 1483, 15761
What are the prime factors of 6451491?
3, 907, 2371
What are the prime factors of 214793721?
3, 7955323
What are the prime factors of 28532863?
3947, 7229
List the prime factors of 13226467.
13226467
List the prime factors of 47235671.
7, 6747953
List the prime factors of 170086321.
59, 991, 2909
What are the prime factors of 76118690?
2, 5, 17, 447757
List the prime factors of 148309946.
2, 2671, 27763
What are the prime factors of 2169141002?
2, 7, 137, 1130939
List the prime factors of 2250448158.
2, 3, 7, 53, 1010983
What are the prime factors of 30815794?
2, 15407897
List the prime factors of 510105481.
510105481
What are the prime factors of 648054504?
2, 3, 31, 290347
What are the prime factors of 2582293662?
2, 3, 13, 3678481
List the prime factors of 358658210.
2, 5, 2237, 16033
What are the prime factors of 4729983171?
3, 37, 42612461
What are the prime factors of 1616111250?
2, 3, 5, 13, 33151
What are the prime factors of 9076317388?
2, 241, 9415267
What are the prime factors of 1416775866?
2, 3, 11, 619, 34679
What are the prime factors of 3002829523?
73, 41134651
What are the prime factors of 80256904?
2, 7, 13, 15749
What are the prime factors of 5778996750?
2, 3, 5, 29, 31, 2857
What are the prime factors of 319322925?
3, 5, 467, 1013
List the prime factors of 32349704.
2, 19, 212827
List the prime factors of 50113081.
31, 1616551
List the prime factors of 322850631.
3, 107616877
List the prime factors of 3516617138.
2, 1483, 1185643
List the prime factors of 1470610593.
3, 23, 151, 15683
What are the prime factors of 4901925212?
2, 137, 8945119
What are the prime factors of 86197463?
11, 17, 460949
List the prime factors of 25957861.
17, 1526933
List the prime factors of 221134067.
7, 11, 31, 92641
List the prime factors of 318387374.
2, 159193687
What are the prime factors of 2090519093?
13, 59, 79, 34501
List the prime factors of 1059368955.
3, 5, 47, 1502651
What are the prime factors of 277807661?
67, 4146383
What are the prime factors of 3488271118?
2, 23813, 73243
What are the prime factors of 2529285466?
2, 17, 74390749
List the prime factors of 115590064.
2, 7224379
What are the prime factors of 341124082?
2, 13, 311, 42187
List the prime factors of 19226029.
367, 52387
What are the prime factors of 33579096?
2, 3, 1399129
What are the prime factors of 235924158?
2, 3, 39320693
List the prime factors of 104166901.
2347, 44383
List the prime factors of 3717075817.
7, 13, 109, 251, 1493
What are the prime factors of 33076338?
2, 3, 5512723
What are the prime factors of 827800324?
2, 13, 1229, 12953
List the prime factors of 103703360.
2, 5, 324073
What are the prime factors of 72515028?
2, 3, 43, 140533
What are the prime factors of 25471030?
2, 5, 13, 195931
List the prime factors of 4141184.
2, 32353
List the prime factors of 1719291150.
2, 3, 5, 1273549
List the prime factors of 4058165376.
2, 3, 59, 59707
What are the prime factors of 701052433?
20399, 34367
List the prime factors of 1179015875.
5, 17, 277, 2003
What are the prime factors of 761613457?
11, 29, 331, 7213
What are the prime factors of 12515807?
12515807
List the prime factors of 1509917757.
3, 79, 6370961
What are the prime factors of 305744864?
2, 17, 263, 2137
What are the prime factors of 586033575?
3, 5, 7813781
List the prime factors of 91061028.
2, 3, 2529473
List the prime factors of 87801518.
2, 7, 37, 169501
What are the prime factors of 67383451?
43, 1567057
List the prime factors of 14399457.
3, 29, 165511
What are the prime factors of 188300605?
5, 37660121
What are the prime factors of 577485054?
2, 3, 443, 72421
What are the prime factors of 146168896?
2, 2283889
What are the prime factors of 28851374?
2, 14425687
What are the prime factors of 31748972?
2, 7937243
List the prime factors of 305350930.
2, 5, 31, 985003
What are the prime factors of 40722390?
2, 3, 5, 59, 7669
List the prime factors of 1989532976.
2, 599, 207589
List the prime factors of 73482438.
2, 3, 211, 58043
What are the prime factors of 175049408?
2, 17, 251, 641
List the prime factors of 5693162071.
19, 1549, 193441
List the prime factors of 405561059.
5479, 74021
List the prime factors of 760632633.
3, 43, 149, 4397
List the prime factors of 142468547.
13, 193, 56783
List the prime factors of 48704045.
5, 13, 191, 3923
What are the prime factors of 79329245?
5, 15865849
List the prime factors of 2866131165.
3, 5, 191075411
What are the prime factors of 109221387?
3, 11, 3309739
What are the prime factors of 16337249?
547, 29867
What are the prime factors of 4720364?
2, 11, 71, 1511
What are the prime factors of 89034017?
83, 467, 2297
List the prime factors of 1913629293.
3, 17, 29, 173, 277
List the prime factors of 174654233.
13, 1033457
List the prime factors of 14749474.
2, 563, 13099
List the prime factors of 5104027782.
2, 3, 7, 29, 465611
List the prime factors of 5897703875.
5, 7, 109, 61837
What are the prime factors of 7611894?
2, 3, 19, 2473
List the prime factors of 37343771.
37343771
What are the prime factors of 1045249739?
1163, 898753
What are the prime factors of 65809531?
65809531
What are the prime factors of 789438805?
5, 41, 3850921
List the prime factors of 815059158.
2, 3, 59, 967, 2381
List the prime factors of 401054623.
1787, 224429
List the prime factors of 149109306.
2, 3, 1621, 15331
List the prime factors of 3829139.
3829139
What are the prime factors of 1280576771?
37, 2339, 14797
List the prime factors of 103566306.
2, 3, 157, 109943
What are the prime factors of 2174597329?
19, 114452491
W